= -7*o**2 - 87*o + 978. What is k(16)?
-2206
Let a(j) = 8*j**3 + 89*j**2 + 36*j + 456. Calculate a(-12).
-984
Let o(i) = -i**3 - 506*i**2 + 12166*i - 29. What is o(23)?
-52
Let k(n) = -52*n**3 + 6*n + 2. What is k(-1)?
48
Let p(t) = -403*t - 111297. What is p(-276)?
-69
Let w(z) = 241*z**3 + 73*z**2 + 79*z - 5. Give w(-1).
-252
Let j(t) = -t**3 + 209*t**2 + 1730*t + 1291. Calculate j(217).
-11
Let q(o) = -225*o - 27824. Give q(-126).
526
Let s(i) = 2*i**3 + 66*i**2 + 217*i - 315. Calculate s(-29).
120
Let r(a) = 2*a**2 + 254*a + 8075. Determine r(-60).
35
Let d(i) = -20928*i + 104138. Calculate d(5).
-502
Let p(f) = -f**2 - 53*f - 81. What is p(-30)?
609
Let g(b) = -79067*b - 632541. Give g(-8).
-5
Let n(m) = -119005*m - 356347. What is n(-3)?
668
Let q(t) = 8*t + 207. Give q(-26).
-1
Let o(z) = 836*z - 334392. Calculate o(400).
8
Let g(v) = -87*v + 1264. Calculate g(8).
568
Let y(r) = r**3 - 7*r**2 + 2340*r + 14380. Determine y(-6).
-128
Let w(v) = 3*v**2 - 171*v - 5815. Give w(96).
5417
Let f(c) = -c**3 - 33*c**2 + 1216*c - 99. Give f(-55).
-429
Let j(w) = -w**3 + 4*w**2 + 471*w + 2106. Calculate j(-16).
-310
Let o(w) = 3*w**2 + 5454*w - 127029. What is o(23)?
0
Let u(t) = t**2 - 31*t - 6557. Determine u(-67).
9
Let v(r) = 5*r**2 - 11074*r + 55300. What is v(5)?
55
Let i(r) = 32*r**2 - 10240*r - 10265. What is i(321)?
7
Let o(l) = 33*l + 950. Calculate o(-37).
-271
Let n(h) = 67*h + 618. Determine n(-38).
-1928
Let u(o) = o**3 + 16*o**2 + 31*o + 28. Determine u(-9).
316
Let t(z) = -z**3 - 19*z**2 + 175*z + 39. Give t(-25).
-586
Let s(a) = 2*a**2 + 7209*a + 200299. Calculate s(-28).
15
Let p(i) = -2*i**2 - 21007*i - 1107733. Determine p(-53).
20
Let q(o) = -34*o**3 - 64*o**2 + 200*o + 6. Give q(3).
-888
Let d(q) = 108*q - 3639. Calculate d(33).
-75
Let r(w) = -446470*w - 2232288. Determine r(-5).
62
Let c(n) = -103898*n + 207805. What is c(2)?
9
Let n(m) = -80*m + 2190. What is n(34)?
-530
Let p(o) = 24*o**3 + 132*o**2 - 8*o - 2. Calculate p(-5).
338
Let r(d) = -d**2 - 14*d - 20. Give r(13).
-371
Let g(j) = 7771*j + 1227808. Give g(-158).
-10
Let p(g) = -71*g + 780. What is p(17)?
-427
Let p(c) = -276*c - 469. Calculate p(-2).
83
Let r(d) = -7368*d - 88729. Calculate r(-12).
-313
Let r(x) = 11*x**2 - 35*x - 119. Calculate r(5).
-19
Let m(i) = i**3 - 442*i**2 + 9642*i - 108. Calculate m(23).
7
Let g(o) = o**2 - 2231*o - 18. Determine g(0).
-18
Let h(n) = -n**3 - 226*n**2 - 6690*n - 176. Calculate h(-35).
-1
Let b(a) = -13938*a + 67530. Calculate b(5).
-2160
Let j(k) = -80*k + 1666. Give j(31).
-814
Let n(i) = 9*i**3 + 146*i**2 + 152*i - 56. Determine n(-15).
139
Let v(i) = -i**3 + 57*i**2 - 47*i + 18816. Determine v(61).
1065
Let n(k) = -339*k - 109104. Give n(-322).
54
Let f(n) = -7263*n + 689983. Determine f(95).
-2
Let u(t) = -7*t**2 - 879*t + 7485. Determine u(8).
5
Let s(b) = b**2 + 462*b - 16615. Determine s(34).
249
Let i(a) = 442*a + 2045. Determine i(-6).
-607
Let h(l) = l**3 + 15*l**2 + 109*l + 2481. Calculate h(-17).
50
Let v(s) = -9986*s + 20505. Give v(2).
533
Let l(f) = -2*f**2 - 9161*f - 1260532. Determine l(-142).
2
Let d(b) = -b**3 + 628*b**2 + 41289*b - 6194. What is d(688)?
-2
Let f(p) = -1254570*p + 5018278. Give f(4).
-2
Let a(s) = -2*s**2 - 798*s - 29860. Calculate a(-357).
128
Let o(z) = 3*z**3 + 29*z**2 - 421*z + 724. What is o(2)?
22
Let r(a) = 2337*a + 42241. Calculate r(-18).
175
Let m(n) = -n**3 - 4*n**2 + 348*n - 1026. Give m(14).
318
Let f(t) = -76*t**2 - 1279*t - 1196. Calculate f(-1).
7
Let g(h) = -13*h**2 - 5713*h + 575881. Determine g(-524).
5
Let y(i) = -907*i + 40756. Calculate y(45).
-59
Let o(i) = 2*i**3 - 18*i**2 + 24*i + 512. Calculate o(-4).
0
Let t(q) = -2*q**2 + 214*q + 3654. Calculate t(-15).
-6
Let g(x) = 7*x**3 + 1382*x**2 + 1006*x + 81756. Give g(-197).
1
Let m(d) = 235072*d + 2115848. Give m(-9).
200
Let k(f) = 363*f - 2149. Determine k(6).
29
Let w(f) = -752*f + 41913. Give w(56).
-199
Let r(x) = -2*x**2 - 140*x - 4397. What is r(-28)?
-2045
Let n(c) = c**3 + 23*c**2 + 124*c + 1110. Calculate n(-9).
1128
Let m(p) = p**3 - 13*p**2 - 143*p + 1521. What is m(16)?
1
Let a(f) = -2*f**2 - 287*f - 5685. Give a(-23).
-142
Let s(y) = y**2 + 14059*y - 225189. Determine s(16).
11
Let x(n) = 72885*n - 291541. Determine x(4).
-1
Let i(z) = 82*z**2 - 20338*z + 551. Calculate i(248).
55
Let h(n) = -n**3 - 164*n**2 + 334*n + 366. Give h(-166).
34
Let d(c) = -c**3 + 59*c**2 - 488*c - 41. Give d(49).
57
Let r(a) = 8196*a - 16285. Give r(2).
107
Let u(d) = -189*d**2 - 2089*d - 82. What is u(-11)?
28
Let c(a) = -a**2 + 14*a + 25877. Determine c(-156).
-643
Let b(n) = 1165315*n - 5826582. Calculate b(5).
-7
Let m(i) = 684*i + 4933. Calculate m(-7).
145
Let i(x) = -716*x + 12425. Calculate i(18).
-463
Let a(u) = -13453*u - 430522. Calculate a(-32).
-26
Let d(v) = -v**3 + 276*v**2 - 3410*v - 2397. Calculate d(263).
-30
Let t(g) = 333*g - 55991. Give t(166).
-713
Let y(h) = -24*h**2 + 1439*h + 53752. Determine y(86).
2
Let b(j) = 42872*j - 214371. What is b(5)?
-11
Let p(c) = 4209*c**2 - 122062*c - 23. Give p(29).
-52
Let w(c) = 403*c + 98319. What is w(-244)?
-13
Let a(f) = 192036*f - 2112398. What is a(11)?
-2
Let a(h) = -h**3 - 45*h**2 - 432*h + 1189. Calculate a(-19).
11
Let p(w) = w**3 + 28*w**2 - 124*w - 3417. Give p(-11).
4
Let f(k) = -9372*k - 318600. Give f(-34).
48
Let c(a) = 3*a**3 - 29*a**2 - 4932*a + 142. Calculate c(-36).
142
Let m(y) = -932*y + 147. Give m(2).
-1717
Let b(y) = -2*y**2 + 40*y + 3723. What is b(52)?
395
Let u(x) = -2*x**3 + 8871*x**2 - 26602*x + 21. What is u(3)?
0
Let j(t) = t**2 + 185*t + 8978. Determine j(-75).
728
Let j(l) = -2943*l**2 + 11761*l + 48. Calculate j(4).
4
Let v(n) = -7*n**2 + 1309*n + 1840. Give v(189).
-806
Let i(l) = -15023*l**2 - l + 6. Give i(0).
6
Let n(d) = 80*d**3 + 91*d**2 + 167*d - 4. What is n(-2)?
-614
Let y(v) = 16*v**2 - 328*v - 2020. Give y(-6).
524
Let m(h) = h**2 - 168*h + 5684. Give m(47).
-3
Let d(m) = 45060*m - 135219. What is d(3)?
-39
Let j(o) = -112*o - 4386. Give j(-43).
430
Let y(s) = -s**3 - 28*s**2 + 43*s + 45. Determine y(2).
11
Let p(k) = -127*k + 4054. What is p(29)?
371
Let t(u) = u**3 - 139*u**2 + 212*u + 8484. Give t(137).
-10
Let b(q) = q**2 + 3881*q - 204538. Give b(52).
-22
Let n(q) = 5*q**3 + 668*q**2 + 401*q - 1038. Give n(-133).
-1304
Let l(x) = 2*x**3 + 491*x**2 + 739*x + 2238. Calculate l(-244).
530
Let r(i) = -49383*i - 148130. Give r(-3).
19
Let p(x) = 3108*x + 6224. Give p(-2).
8
Let c(y) = -3*y**3 - 207*y**2 + 1837*y + 5. What is c(8)?
-83
Let s(g) = -15*g**2 - 257*g - 529. What is s(-2)?
-75
Let c(w) = 353*w - 10129. Calculate c(29).
108
Let z(r) = 2*r**3 - 52*r**2 + 594*r - 15438. Give z(26).
6
Let d(l) = l**3 + 151*l**2 + 717*l - 1860. What is d(-146)?
38
Let a(z) = -18*z**2 - 1350*z + 55. What is a(-75)?
55
Let z(d) = -164741*d - 659149. What is z(-4)?
-185
Let b(c) = -84597*c - 169184. Calculate b(-2).
10
Let m(g) = 9*g**2 + 587*g - 1212. Calculate m(2).
-2
Let d(u) = 2027*u - 137836. Determine d(68).
0
Let v(a) = a**2 + 39*a - 215. Calculate v(-28).
-523
Let b(r) = 1983*r - 1007370. Give b(508).
-6
Let n(a) = -9*a**3 - 16*a**2 + 5*a - 25. Give n(-6).
1313
Let x(a) = 1376*a - 13867. Give x(10).
-107
Let v(o) = 979304*o - 2937897. Calculate v(3).
15
Let z(s) = 18769*s + 112192. Give z(-6).
-422
Let v(r) = 8*r**2 + 198*r - 5797. Determine v(-42).
-1
Let r(m) = -3404*m + 282526. Give r(83).
-6
Let r(q) = -4*q**2 - 243*q - 2271. Determine r(-10).
-241
Let t(b) = -2*b**3 + 39*b**2 - 56*b + 868. Give t(19).
165
Let w(i) = -60*i**2 + 838*i + 938. Determine w(15).
8
Let b(d) = -8*d**2 + 1981*d - 20819. Determine b(11).
4
Let z(l) = 5414*l + 200032. Calculate z(-37).
-286
Let m(c) = 15*c**3 + 20*c**2 - 12*c + 39. Give m(3).
588
Let q(x) = -43871*x + 4123861. Calculate q(94).
-13
Let d(n) = 5*n**2 - 14633*n - 73153. What is d(-5)?
137
Let a(v) = 9*v**2 + 204*v - 14129. Determine a(30).
91
Let q(x) = 2*x**2 - 397*x + 19084. Determine q(117).
13
Let n(a) = -1579480*a - 6317930. Calculate n(-4).
-10
Let w(q) = 4611*q + 78392. What is w(-17)?
5
Let i(u) = 2*u**3 + 106*u**2 - 718*u - 591. Give i(-59).
-1
Let b(n) = -n**3 - 4*n**2 - 24351*n - 195066. Calculate b(-8).
-2
Let d(m) = 715*m - 3104. What is d(5)?
471
Let d(h) = -26*h**2 - 